et k = c - u. List the prime factors of k.
3, 11
Let f(x) = x**3 - 3*x**2 - 6*x + 10. Let r be f(6). Let u = 149 - r. List the prime factors of u.
67
Let z(n) = -n**3 - 17*n**2 + 4*n + 30. Let h be z(-7). Let d = h - -799. List the prime factors of d.
311
Let d(c) = 2*c + 5. Let u be d(-3). Let l(f) = -f - 1. Let a(w) = 12*w - 32. Let k(z) = u*a(z) - 2*l(z). What are the prime factors of k(-5)?
2, 3, 7
Suppose 18*s - 9*s = 15921. Suppose -s = -12*l + 6823. What are the prime factors of l?
2, 179
Suppose 87*y = 76*y + 247814 + 29815. List the prime factors of y.
3, 47, 179
Let z = 1285 - -1614. Suppose 6*r - z = -7*r. What are the prime factors of r?
223
List the prime factors of ((-3)/9*29 - (-2)/2)*-1392.
2, 13, 29
Let d(v) = 82447*v**2 - 172*v - 172. What are the prime factors of d(-1)?
29, 2843
Let o be 2/(((-14)/189*-3)/(-25)). Let c(i) = i**3 + 3*i**2 + 7*i + 4. Let j be c(-6). Let y = j - o. What are the prime factors of y?
79
Suppose -962472 = -75*p - 93*p. List the prime factors of p.
17, 337
Let h(c) = 266*c**3 - c**2 - 6*c + 20. Let f(j) = -j**3 + 2. Let p(u) = -6*f(u) + h(u). List the prime factors of p(1).
3, 7, 13
Suppose -d - 140 = -903. Suppose 6*j = 2173 - d. What are the prime factors of j?
5, 47
Let y(z) = -43*z - 4*z - 3 - 42*z. Let h be y(-3). Suppose -3*j + 46 = p - 0*j, 2*j = 5*p - h. List the prime factors of p.
2, 13
Let o(i) = i**2 - 11*i - 40. Let w be o(14). Suppose 0 = 5*m - 20, -4*u + 868 = -3*m + w*m. What are the prime factors of u?
2, 109
Suppose 24*z - 259072 - 62192 = 0. What are the prime factors of z?
2, 3, 23, 97
Let i be (-11 + 4 + 0)*-17. Let c = i - 538. Let w = -282 - c. List the prime factors of w.
137
Let m = -166 + 586. Suppose 0 = 2*l + m - 1422. What are the prime factors of l?
3, 167
Let a be (-3)/2*36/(-27). Suppose a*m - 353 - 271 = 0. Let w = m - 124. List the prime factors of w.
2, 47
Let d be (-29)/(-58) - ((-3)/2 + 0). Suppose -8 = -f - 2*c, -4*f - d*c = f. Let t(s) = 22*s**2 + s + 6. List the prime factors of t(f).
2, 23
What are the prime factors of (-1 - (-11)/2)*2393166/1467?
3, 2447
Suppose 0 = 5*v - 9 - 11. Suppose -c + v*c = 33. Let t = 6 + c. List the prime factors of t.
17
Suppose z - c + 5*c + 62 = 0, 5*c = -2*z - 139. Let r = 85 + z. Suppose -3*k + o + 174 + 264 = 0, 5*k = -r*o + 744. What are the prime factors of k?
3, 7
Let o = -20917 + 30357. List the prime factors of o.
2, 5, 59
Let x(j) be the second derivative of 9*j**5/20 + j**4/12 - 5*j**3/6 + j**2/2 + 8*j. Suppose 4*c - 5*q = -17, 2*c + 4*q - 5 = 19. List the prime factors of x(c).
67
Let j(b) be the second derivative of -b**4/12 + 7*b**3/2 + 14*b**2 + 15*b. Let n be j(13). Let k = 277 - n. What are the prime factors of k?
5, 29
Let m(f) be the third derivative of f**5/6 - f**4/24 - f**3/3 - 2*f**2. Suppose -19 = j - 22. List the prime factors of m(j).
5, 17
Let z be -7 + 8 + 2/(2 + -4). Suppose z = 12*w - 9*w. List the prime factors of 119 + -5 + w/1.
2, 3, 19
Let y = 22548 + -12839. List the prime factors of y.
7, 19, 73
List the prime factors of (2/6)/(-3 - (-24665)/8220).
2, 137
Suppose -577*j = -18314780 - 15126342 - 11694126. What are the prime factors of j?
2, 4889
Let j = -5907 + 12538. List the prime factors of j.
19, 349
Let j(k) = -32*k + 589. Suppose -5*c + 11*c = 0. What are the prime factors of j(c)?
19, 31
Let l = -2401 + 10239. What are the prime factors of l?
2, 3919
Suppose 8*v = 15 + 1. Suppose -25*d = -26*d - v. What are the prime factors of (0/(-9))/(2/d) - -72?
2, 3
Let g(p) = -17018*p - 1 + 17021*p + 2 + 47*p**2. What are the prime factors of g(-4)?
3, 13, 19
Suppose 124*t - 891402 = -94454. List the prime factors of t.
6427
Let d be (4 - 2) + (49 - (0 + 0)). Suppose -d*h + 44*h + 504 = 0. List the prime factors of h.
2, 3
Suppose 0 = 4*z + 46 - 130. Let i = z - 21. Suppose q - 67 - 54 = i. List the prime factors of q.
11
Suppose 14*z = 8*z + 126. Let l be 214/21*12 + (-6)/z. Suppose l = -5*v + 557. List the prime factors of v.
3, 29
Suppose 3*r = f + 5108, 84*f - 80*f - 8502 = -5*r. List the prime factors of r.
2, 23, 37
Let f(v) = -4*v**3 - 4*v**2 - 14*v + 3. Let h be f(-5). Let o = 719 - h. List the prime factors of o.
2, 3, 41
Suppose 71712*f - 71719*f + 56252 = 0. What are the prime factors of f?
2, 7, 41
Suppose -91*r + 84*r = -19096. List the prime factors of r.
2, 11, 31
List the prime factors of 28736 - 6/((-12)/(-26)).
28723
Suppose -5*h + 28817 = 4*k, 3*k + 19*h - 21639 = 24*h. List the prime factors of k.
2, 17, 53
Suppose 8*s - 2*t + 146 = 10*s, s - 73 = 5*t. Suppose 2*k - 3*y - s = k, -137 = -2*k - 3*y. What are the prime factors of k?
2, 5, 7
Let c = 4868 - -1005. What are the prime factors of c?
7, 839
Suppose 3*o - 56835 = 38*y, -3*o - 5*y + 57075 = -3*y. List the prime factors of o.
23, 827
Suppose -3*t = -4*a + 121, a + 0*a + 5*t - 59 = 0. Suppose -a + 28 = -2*o. Suppose 713 = 5*j + 6*r - o*r, r = -2*j + 285. What are the prime factors of j?
2, 71
Suppose 12*p - 2*p = 44250. List the prime factors of p.
3, 5, 59
Suppose -5*v - 25 = -5*t, v + 8 = -v. Let l be t - (-302)/(-1)*1/(-2). Let b = l + -99. What are the prime factors of b?
53
Suppose -h - 14771 = -5*f, -3*f - 54*h + 8847 = -52*h. List the prime factors of f.
2953
Let w = 16075 - 11266. What are the prime factors of w?
3, 7, 229
Let z be 527104/208 + (-2)/13. Suppose 0 = -11*b + 18*b - z. What are the prime factors of b?
2, 181
Let w(l) = -4 - l - l**2 + 4 + 0*l**2 + 1. Let j be w(2). Let h = j + 13. List the prime factors of h.
2
Let m(p) = -p**2 - 15*p + 4. Let c be m(-13). Let s be 1208/60 - 4/c. Let j = s - 14. List the prime factors of j.
2, 3
Let d be (-2)/(-3) + (-156)/(-36). Suppose 2*w = -d*q + 4246, 4*q + 721 - 4116 = -w. What are the prime factors of q?
2, 53
Let r(i) = 10*i**2 + 16*i + 129. List the prime factors of r(9).
3, 19
Let s be (13 - 0 - (2 - 4)) + 0. Let x = -10 + s. Suppose 180 = -0*h + x*h. List the prime factors of h.
2, 3
Suppose 2*x - 5*p = 784, -2*x = 6*p - 5*p - 796. Let f = x + -182. List the prime factors of f.
5, 43
Suppose 600 = 526*a - 226*a. Suppose -5*w + 5*t = -30, w - 4 = 2*w + 4*t. What are the prime factors of ((-101)/(-2))/(10/w - a)?
101
Let i be (-10)/4 - 90/20. Let a(y) = -2*y**3 - 6*y**2 - 5*y - 5. What are the prime factors of a(i)?
2, 211
Let i = -169 - -106. Let n = 64 + i. List the prime factors of 3/(10 - n) + 3948/36.
2, 5, 11
Let s(l) = l**2 + 2*l + 16. Let z(f) = -f**2 - f - 8. Let n(x) = -3*s(x) - 5*z(x). Let h be n(4). Let w = 86 + h. What are the prime factors of w?
2, 53
Suppose 16*p - 17*p = -15. Suppose p*j = -6*j + 19614. What are the prime factors of j?
2, 467
Let l(m) = -8*m**3 + 2*m - 1. Let v be l(-3). Let y(h) = -9*h + 90. Let x be y(8). Suppose -3*u = -p + 55, -3*p + v = 4*u + x. What are the prime factors of p?
61
Suppose -40*j + 203980 = -50*j + 30*j. List the prime factors of j.
7, 31, 47
Suppose -3906*j = -3880*j - 1602822. List the prime factors of j.
3, 20549
Let j(m) = 31*m**2 + 3*m - 2. Let p(a) = -a**3 - 19*a**2 + 2*a + 4. Let f be p(-19). Let z = f - -35. List the prime factors of j(z).
2
Let b(s) be the second derivative of s**4/6 - 5*s**3/6 - 13*s**2/2 + 18*s + 2. What are the prime factors of b(-5)?
2, 31
Let f be (-7*(-9)/126)/(2/12). Let z(b) = b**2 + b + 2. Let j be z(0). Suppose 0 = -f*o - 6, j*a + o = a + 21. What are the prime factors of a?
23
Let v be -1 + 3 + 3 + 0/1. Suppose -w + 5*c = 6 - 0, -v*c = 3*w + 18. Let o(y) = -y**3 - 2*y**2 - 16*y - 13. What are the prime factors of o(w)?
227
Let v = 47 - 38. Suppose 2472 = v*t - 435. What are the prime factors of t?
17, 19
Let r(s) = -1854*s - 1256. What are the prime factors of r(-9)?
2, 5, 1543
Suppose -3*x - 4*x + 6356 = 0. Suppose -29*z + 30*z - x = 0. What are the prime factors of z/6 - (-40)/60?
2, 19
Let a(d) = -2*d + 200. Suppose -9 = 4*q - 29. Suppose 0 = -3*h + 2*m - 0*m, -5*h + q*m = 0. What are the prime factors of a(h)?
2, 5
Let i(v) = 19*v**2 + 39*v - 176. List the prime factors of i(7).
2, 257
Suppose 5*t - u - 155 = 0, 70 = 3*t - u - 21. Let o be (-33)/(-8) + (-4)/t. Suppose 0*r = -m - r + 168, o*m + 3*r = 667. What are the prime factors of m?
163
What are the prime factors of 20 + -14 + -10 - -25355?
101, 251
Let s be 78/4*2 - 24/(-8). Let a = 42 - s. Suppose a = -5*m + 